t common factor of z and t.
5
Suppose 0 = -4*h + 48 + 144. What is the highest common divisor of 12 and h?
12
Let w = 41 + -27. What is the greatest common factor of 14 and w?
14
Suppose 38*g = 37*g + 130. Let x(j) = -j + 9. Let c be x(4). Suppose g = -3*q + c*q. What is the greatest common factor of 26 and q?
13
Suppose -104 = 5*n - 7*n. Let r = n + -34. Suppose -2*k - 2 = -3*k. Calculate the highest common divisor of k and r.
2
Let u = 3 - 3. Suppose p - 9 + 4 = u, 2*h - 9 = -p. Suppose 0 = -h*d + 7*d - 120. Calculate the highest common divisor of 6 and d.
6
Let y be (1*5/3)/((-6)/(-54)). Calculate the greatest common divisor of 165 and y.
15
Let s be (3/1)/3 - (0 - 5). Suppose -402 = -4*l - 114. Suppose -3*k + l = k. Calculate the highest common divisor of k and s.
6
Let i be (-3)/((-902)/224 - -4). What is the highest common factor of i and 14?
14
Let p be (-3 + 2)/(1/(-4)). Suppose 4*t - 84 = -3*o + 2*t, 0 = -2*o + p*t + 72. Calculate the highest common factor of 20 and o.
10
Let v(s) = s**2 + 6*s + 8. Let k be v(-6). Let w = -7 - -9. Suppose 0*d = w*d - 24. Calculate the highest common divisor of k and d.
4
Suppose 2*c = -3*w - 2 - 4, -5*w = -c - 3. Suppose -5*g + 26 + 34 = w. Calculate the highest common factor of 6 and g.
6
Let b(r) = r + 21. Let z be b(0). Let p be 4/14 - (-183)/z. Suppose 0 = -4*q, o - 396 = -3*o + 4*q. Calculate the greatest common divisor of p and o.
9
Let j(p) = 64*p**2 - 2*p - 2. Let x be j(-1). What is the greatest common factor of 8 and x?
8
Suppose 68 - 572 = -3*k. Calculate the highest common factor of 24 and k.
24
Suppose -2*r + 36 = -6*r. Let d = 71 - r. Calculate the highest common factor of d and 10.
10
Let g(v) be the third derivative of v**6/120 + v**4/24 - v**3/3 + v**2. Let m be g(5). Calculate the greatest common divisor of 16 and m.
16
Let j = -30 - -43. Suppose -3*t + 5*p + 122 = -2*t, 3*t - 350 = -p. What is the highest common factor of t and j?
13
Let g be 2/(-4) - (-1956)/(-8). Let t be g/(-25) - (-1)/5. Calculate the greatest common factor of t and 5.
5
Suppose 2*c = -5*t - 16, -2*t - 1 - 7 = 0. Let g be c/(-11) + 268/22. What is the highest common factor of 108 and g?
12
Suppose 14*j - 345 = 11*j + 5*z, 0 = -2*z + 6. Calculate the greatest common divisor of j and 24.
24
Let m be (1 + 0)*2/2. Suppose 5*f = 3*j - 1, j - m - 4 = -3*f. Let h = f + 13. Calculate the greatest common factor of h and 2.
2
Suppose 2*k + 9 + 11 = 0. Let d(c) = -c**2 - 14*c - 13. Let p be d(k). Calculate the highest common divisor of 9 and p.
9
Let d(n) = -n - 2. Let r be d(-12). Suppose 3*p - 2*p = r. Calculate the highest common factor of p and 90.
10
Suppose -s + 4 + 13 = 0. Calculate the greatest common divisor of s and 85.
17
Let s(o) = -6*o + 3. Let j be s(-4). Suppose 3*x - 12 = -d, -x - 16 = -4*d - 7. What is the greatest common factor of j and d?
3
Let g be ((-4)/6 - -5) + (-1)/3. Calculate the highest common divisor of 4 and g.
4
Suppose -3*c + 8 = -c. Suppose -9*z = 7 - 259. Calculate the highest common factor of c and z.
4
Let f(r) = 5*r**3 - 4*r**2 + 5*r - 2. Let x be f(3). What is the highest common divisor of 16 and x?
16
Suppose 0 = -3*n - c + 688, 0*c = -4*n + 3*c + 926. What is the greatest common divisor of n and 10?
10
Let a be 14 + (-4 - -2) + 1. What is the greatest common divisor of a and 39?
13
Let l(g) = 18*g + 16. Let y be l(8). Let i be 3*2*(-16)/(-6). What is the highest common divisor of i and y?
16
Let y be 1/(-1)*1 + 33. Let r be (-398)/(-5) - (-10)/25. What is the highest common divisor of r and y?
16
Suppose -2*g - 6*v = -v - 53, 0 = v - 1. What is the highest common factor of 16 and g?
8
Let g = 5 - 5. Suppose -2*h + 13 = m, -m + h - 2 = -g*m. Suppose -21 = -0*q - m*q. What is the highest common factor of 7 and q?
7
Suppose 4*d + 84 = 2*f, 4*d - 110 = -4*f + 46. Calculate the greatest common factor of 30 and f.
10
Let m be 24*(1 - 2/(-6)). Let j be 4*5/15*6. Calculate the highest common factor of m and j.
8
Suppose -3*z = s - 16, -2*z - 4*s + 10 + 14 = 0. Let k = 2 - z. Let c be (-164)/k - (3 - 1). Calculate the highest common divisor of c and 10.
10
Suppose 2*n - 4*n = 0. Suppose 2*c - 42 = 3*w, -4*w + n = 8. Calculate the greatest common divisor of 18 and c.
18
Suppose 1 = 3*x - 4*p - 125, 3*p = 5*x - 210. Suppose 2*n = 84 + 42. What is the highest common divisor of n and x?
21
Suppose 3*d + 116 - 20 = 3*x, -3*d = 2*x - 84. Suppose 0 = o + 4*o - 80. Let y = o + 2. What is the greatest common divisor of y and x?
18
Let o be 8 - 1/(-2)*0. Let g be (-8)/2 - (-10 - (-60)/(-6)). What is the greatest common factor of o and g?
8
Let y = 191 - 74. Calculate the highest common factor of 13 and y.
13
Let v(i) = -i**2 - 15*i - 2. Let k be v(-13). Let c be (2/(-8))/((-6)/k). Calculate the greatest common divisor of 9 and c.
1
Let g be 2/(-2 - -6)*-40. Let m be g/(-6) - (-2)/3. Suppose w - 65 = -m*w. What is the greatest common divisor of w and 104?
13
Let r(f) = -f**3 - 10*f**2 - 18*f + 8. Let s be r(-8). Let v(t) = -26*t**3 + t**2 - 3*t - 2. Let n be v(-2). Calculate the greatest common factor of n and s.
24
Let q(n) = 7*n + 3. Let s(f) = 6*f + 3. Let z(p) = 6*q(p) - 5*s(p). Let l be z(6). Let o be 8*(l/(-12))/(-5). What is the highest common divisor of o and 10?
10
Let x = 12 - 8. What is the highest common divisor of 36 and x?
4
Let m = -63 + 117. Let j(b) = 7*b + 1. Let v be j(1). Let i = v - 2. What is the highest common factor of m and i?
6
Let a(h) = -h**3 + 5*h**2 - h + 3. Let n be a(5). Let z be n*(0 - -1 - -3). Let k = z + 22. What is the highest common factor of 56 and k?
14
Let k = -10 - -17. Suppose k*u - 4*u - 39 = 0. What is the highest common divisor of 39 and u?
13
Let o be 2/10 + (-132)/10. Let x = 25 + o. Suppose 5*g - g - 184 = -2*y, 0 = -4*y - 4*g + 376. What is the greatest common divisor of x and y?
12
Let m(o) = 9*o**2 + 3*o. Let v(k) = k**2 - 3*k - 2. Let c be v(3). Let q be m(c). Calculate the highest common divisor of 6 and q.
6
Suppose -j - 6*j + 126 = 0. What is the greatest common divisor of 12 and j?
6
Let n(z) = -z**3 + 10*z**2 - 10*z + 8. Let g be n(9). Let y be g/(3/(-81) - 0). Let i = y + -12. What is the greatest common divisor of i and 30?
15
Let r be -1*(-3 + 2) + (-14 - -23). Calculate the highest common divisor of r and 25.
5
Let q be 12/(-2*(4 - (-41)/(-10))). Calculate the greatest common factor of q and 150.
30
Suppose 2*g - 4*h = -0*g - 10, h - 5 = -2*g. Let z(v) = 2*v + 1. Let f be z(g). Calculate the highest common divisor of f and 33.
3
Let r be 9 + (0 + 2)/2. Let f = 96 - 91. What is the greatest common divisor of r and f?
5
Suppose 57 = 5*n - 133. Suppose -5*w + 173 = -112. What is the greatest common divisor of n and w?
19
Let x(n) = 54*n + 9. Let b be x(4). What is the highest common factor of b and 25?
25
Suppose -2*t + 4*t - 8 = 0. Suppose 4*j + 5*i - 60 = 0, 3*i - 60 = -0*j - t*j. Let h be (-5 - -5) + (j - 1). Calculate the greatest common factor of h and 126.
14
Let m(d) = 9*d**2 + d - 1. Let w be m(1). Suppose w = -3*t - 0. Let i be (-6)/(-5)*(-20)/t. What is the highest common factor of i and 88?
8
Let i be (-6)/(-2)*132/36. Let j be 14/8 - (-3)/12. Suppose j - 13 = -g. What is the greatest common factor of i and g?
11
Suppose 2*p - 4*p = -8. Let w(x) = x**2 - 4. Let l be w(p). Let d = 22 + -10. Calculate the greatest common factor of d and l.
12
Suppose 5*b = -3*y + 82, -b - 70 = -3*y - 0*b. What is the greatest common divisor of 36 and y?
12
Let r be (-8)/((-2)/15 + 0). Let j = 49 - 34. What is the highest common divisor of r and j?
15
Let u(x) = 2*x**2 + 14*x + 18. Let c be u(-7). Let g = -10 - -37. Calculate the greatest common divisor of g and c.
9
Let i(b) = -5*b**2 + 5*b**2 - b**2 + 2 - 10 - 11*b. Let r be i(-7). Calculate the highest common divisor of r and 160.
20
Suppose 3*y - 57 = -p, 2*y - 13 - 26 = -p. What is the greatest common divisor of y and 9?
9
Let m = 709 + -325. Calculate the greatest common factor of 48 and m.
48
Let g(n) = -4 - 2 - 16*n + 4*n. Let u be g(-4). Suppose -5*j = -3*j - u. Calculate the greatest common factor of 84 and j.
21
Let l(a) be the first derivative of -3*a**2 - 9*a + 1. Let k be l(-8). What is the greatest common factor of 26 and k?
13
Let k be (4/6)/(4/6). Calculate the highest common factor 